)?
14
Let r(d) = 0 + 51*d - 47*d + 46*d**2 - 6. Calculate the remainder when 130 is divided by r(1).
42
Let q(d) = d**3 + 133*d**2 - 415*d - 299. What is the remainder when q(-136) is divided by 2?
1
Let o = 24954 - 24640. Calculate the remainder when o is divided by 220.
94
Let g = -3749 + 3758. Calculate the remainder when 247 is divided by g.
4
Suppose -22 = -3*b + 137. Suppose 69 = 3*v - 5*c - b, 5*v + 4*c - 191 = 0. Calculate the remainder when v is divided by 16.
7
Let p(o) = -170*o + 370. Calculate the remainder when 1422 is divided by p(-2).
2
Let u(q) = 2*q**3 + 4*q**2 + q - 1. Let x be u(3). Suppose 308 = 5*w + 173 - 205. Let s = x - w. Calculate the remainder when s is divided by 2.
0
Let a(x) = x**3 - 25*x**2 - 62*x + 251. Calculate the remainder when 68 is divided by a(27).
33
Let h be 12/22 + 2907/(-187). Calculate the remainder when 40 is divided by ((-40)/h - 3)/(3/(-153)).
6
Let u be ((-13939)/2)/(76/(-152)). Suppose u = 13*i + 2460. Calculate the remainder when i is divided by 59.
57
Suppose -290*o + 19479 + 128131 = 0. Calculate the remainder when 1593 is divided by o.
66
Suppose -5*s + 1268 = 2*k, -s - 4*s + 4*k + 1244 = 0. Let p = s + -192. Calculate the remainder when p is divided by ((-14)/(-6))/((-1)/(-9)).
18
Suppose 1351 = -2*j + 3*j - y, 2*j - 8*y = 2738. Calculate the remainder when j is divided by 276.
241
Let w = 174100 + -174066. Let k(p) = 2*p**2 - 10*p + 7. Suppose 0*m - 12 = -2*m. What is the remainder when w is divided by k(m)?
15
Suppose -15*l + 1083 + 1025 = -247. Calculate the remainder when 950 is divided by l.
8
Let g(m) = -4*m**3 - 2*m**2 - 54*m - 530. Calculate the remainder when g(-13) is divided by 28.
26
Let m = -8717 - -8777. What is the remainder when 5096 is divided by m?
56
Let p(b) = 3*b**3 + 109*b**2 - 106*b + 28. What is the remainder when p(-37) is divided by 156?
120
Let w(m) = m + 10. Let u be w(-7). Suppose 0 = -31*k + 9*k + 176. Let y = k + u. What is the remainder when 17 is divided by y?
6
Suppose -5*k - 3*j + 122 + 243 = 0, 7*j = k - 73. Calculate the remainder when k is divided by 28.
17
Suppose 0 = -145*f + 120*f + 17550. Calculate the remainder when f is divided by 162.
54
Let s = 241 - 222. Calculate the remainder when 86 is divided by s.
10
Let d be (0 - -3)*36*(1 - -2). Suppose d = 17*f + 1. Calculate the remainder when 36 is divided by f.
17
Suppose t - 25 = -2*x - 3*x, 4*t = -2*x - 8. What is the remainder when x*2 - 12/3 is divided by (4/(-10))/((-1)/5)?
0
Suppose 5*i = -2*j + 3, -4*j - 33*i + 21 = -38*i. Suppose -6*a + 11*a - 5 = 0. What is the remainder when 184/6 + a/3 is divided by j?
3
Suppose 2*c - m + 5 = 95, -3*m + 200 = 4*c. Calculate the remainder when c is divided by 8.
7
Let c = 579 - 283. Let w = 322 - c. What is the remainder when 49 is divided by w?
23
Suppose 359*h - 82*h = 948 + 3484. Calculate the remainder when 78 is divided by h.
14
Let y = 26318 + -26300. What is the remainder when 12491 is divided by y?
17
Let w(x) = 6*x - 61. Let a be w(19). Let h = a + -46. Calculate the remainder when (818/(-7))/(-2) - (-4)/h is divided by 35.
24
Let f(k) = -122*k + 2. Suppose 14*b - 87 = 95. Calculate the remainder when f(-2) is divided by b.
12
Let g(v) = v**3 - 3*v**2 + 14*v - 49. What is the remainder when 421 is divided by g(5)?
66
Suppose -y - y - 114 = -4*g, -113 = -3*g - 4*y. Suppose g*p = 11*p + 1200. What is the remainder when p is divided by 23?
14
Let u = -6392 + 7530. Calculate the remainder when u is divided by 79.
32
Suppose 4*j + n - 25 = 0, 7*j - 3*j + 3*n = 19. Let o(f) = 45*f + 309. Let z be o(-8). Calculate the remainder when z/153*-20*3 is divided by j.
6
Suppose 2*k - l - 7 = 0, 10*k - 4*l - 8 = 12*k. Let y be (-2 + 4 - k)/(-1 + 2). Suppose -2*q + 6 - 2 = y. What is the remainder when 3 is divided by q?
1
Suppose -24 = 2*i - u, 36 = -3*i + 4*u - 2*u. Let q(n) = -n**3 - 11*n**2 + 9*n + 14. What is the remainder when 98 is divided by q(i)?
48
Let y(u) = 4*u - 80. Let g be y(23). Suppose -11*x + g = -8*x. Let j(c) = -c**2 - 6*c + 1. What is the remainder when j(-2) is divided by x?
1
Let l(u) = -11*u - 1. Let y be l(-1). Suppose -y*o = -5*o - 80. Suppose 145 = -21*g + 26*g. Calculate the remainder when g is divided by o.
13
Let m(r) = r**3 - 4*r**2 + 3*r + 3. Let v be m(4). Let a be 1440/2400 + 57/(-5)*-1. Suppose -a*l = -v*l + 39. What is the remainder when 23 is divided by l?
10
Let f be ((-5)/15 + -3)*-57. Suppose 0 = -4*g + 2*s + 770, 2*g + s + f = 3*g. Calculate the remainder when g is divided by 18.
15
Suppose m + 6647 = 14*m + 3*x, -3*m = -2*x - 1542. What is the remainder when m is divided by 106?
88
Suppose -3*l - 2 = -4*y - 15, 0 = 3*y - 6. Let o(n) = -5*n - l*n - n**2 - 10*n - 4. What is the remainder when 50 is divided by o(-21)?
16
What is the remainder when 4878/(-36)*-2*(-6 + 55) is divided by 10?
9
Let z = 10915 + -10880. Suppose 8*k - 98 = k. Calculate the remainder when z is divided by k.
7
Let t be (-8)/44 + (-1944)/(-44). Suppose -4*l = -3*r + 329, 5*l = 2*r - 180 - t. Suppose -39 - 1 = -4*h. Calculate the remainder when r is divided by h.
7
Let a(q) = q**2 - 15*q + 4. Let m be a(15). Suppose -5*u + m*z = -1225, 0 = 9*u - 8*u + 3*z - 264. Calculate the remainder when u is divided by 14.
11
Suppose i + 5 = 0, -25 = -4*o - 3*i + 8*i. Suppose 2*h = 5*d + 5*h - 76, o = 4*h - 8. Calculate the remainder when 52/(-624) - 5439/(-36) is divided by d.
11
Let r(i) = i**2 + 31*i + 101. Let b be r(-11). Let v = -83 - b. Calculate the remainder when v is divided by 5.
1
Suppose -50*o - 5*l = -52*o + 197, 0 = o - l - 100. Calculate the remainder when o is divided by -20*1/10*-4.
5
Let b(j) = -j**2 - 32*j - 179. What is the remainder when 34 is divided by b(-9)?
6
Calculate the remainder when (-42)/(-5)*(-1635)/(-218) is divided by 27.
9
Calculate the remainder when 559 is divided by ((-77)/165*-5)/(5/30).
13
Suppose 140 = -3*l - l. Let q be (14/l)/(2/(-5)) + 2. Suppose -2*o = q*b - 50, 5*o - 79 = -5*b + 11. Calculate the remainder when 53 is divided by b.
11
What is the remainder when (-459 + -3 + -6)*1/((-18)/372) is divided by 164?
160
Suppose -325 - 159 = -4*h. What is the remainder when h is divided by ((-1)/(-3))/(77/7161)?
28
Suppose 8744 = 3*a + 8585. What is the remainder when 1215 is divided by a?
49
Suppose -2*j = -28*m + 33*m - 60, 15 = 3*j - 5*m. Suppose 5*c - 107 = 168. Calculate the remainder when c is divided by j.
10
Let j(l) = 10*l - 12. Let f be j(17). What is the remainder when 211 is divided by (-3)/((-6)/f) - 9?
1
Suppose 31556 = 2310*c - 2296*c. Calculate the remainder when c is divided by 11.
10
Let u = -14261 - -27707. What is the remainder when u is divided by 50?
46
Let b(z) = -19*z + 7. Let r be b(-3). Suppose 310*y - 342*y = -960. What is the remainder when y is divided by (r/12)/(2/3)?
6
Let g(s) be the third derivative of 0*s - 1/120*s**6 - 1/60*s**5 - 1/12*s**4 + 21/2*s**3 - 12*s**2 + 0. What is the remainder when g(0) is divided by 11?
8
Suppose -7851 = -48*c + 21*c - 777. Calculate the remainder when c is divided by 238.
24
Let w = 9358 - 9317. Calculate the remainder when 1825 is divided by w.
21
Let r(v) = 3*v**2 + 7*v - 23. Let h be r(-9). Suppose -9*x + h + 113 = 0. Calculate the remainder when x is divided by 18.
12
Suppose -t = -10 + 25. Let o = t + 79. Suppose -s + 3*s - 34 = 0. What is the remainder when o is divided by s?
13
What is the remainder when (-1595)/(-3) + ((-1958)/66 - -31) is divided by 40?
13
Suppose 151*o + 4093 = 20401. What is the remainder when 1070 is divided by o?
98
Suppose i = 35 - 7. Let s be -2 + -22 + (-1 - 2). Let d = s + i. Calculate the remainder when 3 is divided by d.
0
Let g(a) = 183*a + 2135. Calculate the remainder when g(-11) is divided by 764/36 + 2/(-9).
17
Let v = 14726 - 14613. What is the remainder when 1498 is divided by v?
29
Let a = 274 - 211. Calculate the remainder when 247 is divided by a.
58
Suppose 3*l - d + 84 = 232, -2*l + 3*d + 101 = 0. Calculate the remainder when 553 is divided by l.
14
Let m = -2361 + 2378. What is the remainder when 2713 is divided by m?
10
Suppose -2*s + 9 = 2*c - 3*c, 5*c = 15. Suppose -2*v = 3*y - 142, -3*v - s*y = -y - 213. Let g = 1 - -14. Calculate the remainder when v is divided by g.
11
Let i(t) = -t**2 + 15*t - 10. Let b